e remainder when f is divided by x(3).
12
Suppose -r - 2*m + 3362 = 0, 101*r - 10087 = 98*r - 5*m. Calculate the remainder when r is divided by 841.
0
Suppose -19349 - 1321 = -10*k. What is the remainder when k is divided by 94?
93
Let w be 14/2*(47 - -2). Let o = w - 157. Calculate the remainder when o is divided by 19.
15
What is the remainder when 1096*169*10/520 is divided by 31?
28
Let g = 2105 + -943. Let n = 1211 - g. What is the remainder when n is divided by 1/(1/28) + -2?
23
Let f(k) = -7*k**2 + 27*k + 44. Calculate the remainder when 161 is divided by f(4).
1
Let j(s) = -s**3 - 48*s**2 + 236*s + 1475. Suppose 215 - 5 = 3*f. Calculate the remainder when f is divided by j(-52).
13
Suppose 0 = -5*c + 15, -5*s + 5*c + 6 = -4. Suppose 0 = -3*o + 6, 4*l = -l + s*o + 50. What is the remainder when 166 is divided by l?
10
Let p = 80 + 7115. What is the remainder when p is divided by 9?
4
Suppose n - 2*i = 97, 4*n - 5*i = -141 + 514. Calculate the remainder when 251 is divided by n.
77
Let b = -1061 + 80. Let w = -828 - b. Calculate the remainder when w is divided by 40.
33
Suppose -2498 = -3*m + 2437. Suppose -26*t + m = -19*t. Calculate the remainder when t is divided by 80.
75
Let d be 735/(-294) - (-2)/(8/(-2726)). Let p = 909 + d. What is the remainder when p is divided by 29?
22
Let m = -277 + 283. What is the remainder when 90 is divided by 176/(-12)*m/(-4)?
2
Let g = -31161 + 31267. Calculate the remainder when 1685 is divided by g.
95
Suppose -216 = -3*y - 0*y. Let r = y + -41. Let v(x) = -x**3 + 73*x**2 - 75*x + 301. Calculate the remainder when v(72) is divided by r.
23
Suppose 86*z - 51940 = -159*z. Calculate the remainder when z is divided by 127.
85
Let w(d) = -d**3 - d**2 + 41*d - 31. Calculate the remainder when (2/4)/(6/2508) is divided by w(4).
50
Suppose -156 = -8*s + 572. Let b(w) = -6*w**2 + 4*w - 1. Let c be b(3). Let u = c + s. Calculate the remainder when u is divided by 13.
9
Suppose 0 = 11*c - 13*c + 7*c - 2385. Calculate the remainder when c is divided by 211.
55
Suppose 1477 + 1305 = 5*g - n, -4*n = -4*g + 2216. What is the remainder when g is divided by 147?
116
Suppose z - 15 = 7*u - 4*u, -2*u = -4*z + 50. Suppose z*l - 651 = -9*l. What is the remainder when 493 is divided by l?
28
Let x = 13067 - 10095. Calculate the remainder when x is divided by 32.
28
Let p(j) = -29*j**2 + j - 4. Let q be p(2). Let s = q + 179. Let a = s + -50. What is the remainder when 20 is divided by a?
9
Suppose r + 391 - 1043 = -4*d, d - 163 = -2*r. What is the remainder when 353 is divided by d?
27
Let f be (-76)/(-190) - (-222)/(-5). What is the remainder when 1122/f*12/((-3)/1) is divided by 38?
26
Let y(c) = c**2 + 45*c - 281. What is the remainder when y(-55) is divided by (-29)/(-1) + 1 - 0?
29
Suppose -11908 = 6*j - 21*j - 1168. What is the remainder when j is divided by 194?
134
Suppose 198*h - 1013 - 2063 = -502. Calculate the remainder when 5426 is divided by h.
5
Let v(z) = -z**3 + 5*z**2 + 6*z + 107. Let l(u) = u**2 + 17*u - 38. Let o be l(2). What is the remainder when v(o) is divided by 4?
3
Let d = 3 - -1. Let c(i) = -i - 447. Let p be c(7). Let l = 488 + p. Calculate the remainder when l is divided by d.
2
Let x(h) = -16*h**3 - 2*h**2 + h + 9. Calculate the remainder when x(-2) is divided by (12/(-6))/(33/(-32) - -1).
63
Suppose -6472 = -3*a - 21*o + 20*o, 3*a - 4*o - 6497 = 0. What is the remainder when a is divided by 48?
47
Suppose -4*f = f - 3*o - 150, 2*o = -3*f + 90. Suppose -34*r + f = -29*r. What is the remainder when 15 is divided by r?
3
What is the remainder when 1043 + (50/40)/(((-3)/(-12))/(-1)) is divided by 105?
93
Suppose 110652*z - 110642*z - 5700 = 0. Calculate the remainder when z is divided by 170.
60
Let j(h) be the third derivative of 10*h**2 + 1/10*h**5 + 0 - 1/120*h**6 + 1/2*h**3 - 1/3*h**4 + 0*h. Calculate the remainder when j(3) is divided by 3.
0
Let j = -74 - -74. Suppose j = -15*g + 251 + 49. Calculate the remainder when 2/(0 - 2)*-137 is divided by g.
17
Let v(p) = p + 10. Let b be v(-6). Suppose 0 = -3*n - b*t + 36, -5*n + 31 = t - 4*t. Let q = 322 + -227. Calculate the remainder when q is divided by n.
7
Suppose 3*w + 4*u - 402 = 0, 0 = 2*w - w + 4*u - 126. Let p = -134 + w. Suppose 75 - 431 = -p*f. Calculate the remainder when f is divided by 24.
17
What is the remainder when ((-5865)/90)/(4/(-72)) is divided by 56?
53
Let i = -4941 - -5057. What is the remainder when i is divided by 108?
8
Suppose 30*k - 4796 - 2069 = 1505. Calculate the remainder when k is divided by 48.
39
Suppose -232*p = -236*p + 1884. What is the remainder when p is divided by 27?
12
Suppose 558*i - 348766 = 176*i. Calculate the remainder when i is divided by 33.
22
Suppose 2*c + 37 = 45. Suppose 0 = p + f - 277, 6*p = 2*p + 3*f + 1101. What is the remainder when (2 - 0) + p/c is divided by 15?
11
Let u(n) = 9*n**3 + 3*n + 10. Let b be u(5). Let i be (1 - 0)/(2 + (-2295)/b). Suppose 4*v = -6*v + i. What is the remainder when 65 is divided by v?
19
Let l(f) = 1555*f + 184. What is the remainder when l(1) is divided by 13?
10
Suppose -5*u = 4*m - 50, -m = -0*u - 5*u. What is the remainder when 1127 is divided by m?
7
Let l be ((0/1)/(-1))/2. Let m be (-1 + -6)*(-27)/63. Suppose 55 = 4*r + 3*o, 4*o = -m*r - l*o + 36. Calculate the remainder when 46 is divided by r.
14
Calculate the remainder when 971 is divided by -4 + 444/4 + (0 - -7) - -7.
3
Let t be -22 + 23 + 3/(-1). Let z(l) = 8*l**2 - 17*l - 2. What is the remainder when z(t) is divided by 25?
14
What is the remainder when 353 is divided by 156/(-65)*(-225)/54?
3
Suppose -2*h = 3*x - h - 54, -2*x = -4*h - 64. Suppose 0 = 2*c - 76 - 26. What is the remainder when c is divided by x?
11
Suppose -4*r + 8 - 24 = 0. Let v be 10/4*r*(-5)/25. Calculate the remainder when (-2)/v*4*(-97)/4 is divided by 20.
17
Let v = 147 + -151. Calculate the remainder when 19 is divided by -13 - -14 - (-1 + v - -1).
4
Suppose -8*v = -10 - 14. Suppose b + v*b + 4*q - 208 = 0, 0 = -2*q + 6. Calculate the remainder when 97 is divided by b.
48
Let n(y) = 11*y**2 + 6*y + 3074. What is the remainder when n(0) is divided by 27?
23
Suppose -12*k + 84 = -8*k. Let v = k - 20. Suppose -v = 2*l - 31. Calculate the remainder when l is divided by 8.
7
Let a(j) = 8*j + 9. Suppose -184*d + 3536 = -48*d. Calculate the remainder when a(5) is divided by d.
23
Let d(f) = f**2 + 4*f + 11. Let u be (-2)/(-10) - 133/(-35). Suppose -u*a = 3*a - 455. What is the remainder when a is divided by d(-6)?
19
Suppose 0*n = n + 3, -b - n = 0. Suppose -b*m = 2*m - 20. Suppose -h - m*t = 2*h - 39, 5*h + 3*t = 76. What is the remainder when 43 is divided by h?
9
Let j(p) = p + 4. Let g be (-30)/5*29/(-3). Suppose 10*y - 192 = g. What is the remainder when y is divided by j(6)?
5
Let z be (-6)/2*(-30)/(-18). Let p be (-3)/2 - ((-55)/(-2))/z. Suppose -n = -p*n + 213. What is the remainder when n is divided by 25?
21
Let z(b) = 5*b - 17. Let n be z(4). Suppose 3 - n = -11*a. Suppose -4*v + 13 + 15 = -3*k, a = 2*v - 4*k - 14. What is the remainder when 11 is divided by v?
4
Let m(c) = -c**2 - 6*c + 68. Let t be m(-11). What is the remainder when (-427)/(-3) - t/39 is divided by 18?
16
Let j = 6377 - 5820. What is the remainder when j is divided by 178?
23
Calculate the remainder when 69 is divided by (2 + -7)*(-7 + 3/6*4).
19
Suppose 43*q - 23110 - 438 = -3639. What is the remainder when q is divided by 18?
13
Let p be 5 - (2 + 2)/4 - -241. Suppose -101*w = -94*w - p. Calculate the remainder when w is divided by 21.
14
Suppose 2*d - 26 - 16 = -x, 4*d + 126 = 3*x. Suppose 664 = x*g - 34*g. What is the remainder when g is divided by 25?
8
Let k = -338 + 475. Suppose -3*t = -2*a - 155 - k, t - 2*a - 104 = 0. What is the remainder when t is divided by 50?
44
Let f = 274 + -267. What is the remainder when 14 is divided by (-10)/4*(280/(-25))/f?
2
Suppose 163*q + 192 = 169*q. Let j be 30/9*18/15. Let h(k) = 4*k - 5. What is the remainder when q is divided by h(j)?
10
Suppose -13*o + 24*o = 264. Suppose -r - 37 = -5*p, -o = -4*p - 3*r + r. Calculate the remainder when 34 is divided by p.
6
Let r be (-75)/(-100) + (-9)/(-4). Suppose -p + 5*c - 14 = -74, 3*c = -r*p + 90. What is the remainder when p is divided by 27?
8
Suppose 6*